{"id":2347,"date":"2024-04-11T10:12:53","date_gmt":"2024-04-11T10:12:53","guid":{"rendered":"https:\/\/serra-grimalt.com\/contacto-2\/"},"modified":"2025-10-29T06:42:24","modified_gmt":"2025-10-29T06:42:24","slug":"estudio-de-arquitectura-arta","status":"publish","type":"page","link":"https:\/\/serra-grimalt.com\/cat\/estudio-de-arquitectura-arta\/","title":{"rendered":"Estudi"},"content":{"rendered":"<div id=\"fws_69e4700bb7928\"  data-column-margin=\"default\" data-midnight=\"dark\"  class=\"wpb_row vc_row-fluid vc_row full-width-content vc_row-o-full-height vc_row-o-columns-stretch vc_row-o-equal-height vc_row-flex vc_row-o-content-middle\"  style=\"padding-top: 0px; padding-bottom: 0px; \"><div class=\"row-bg-wrap\" data-bg-animation=\"none\" data-bg-animation-delay=\"\" data-bg-overlay=\"false\"><div class=\"inner-wrap row-bg-layer\" ><div class=\"row-bg viewport-desktop\"  style=\"\"><\/div><\/div><\/div><div class=\"row_col_wrap_12 col span_12 dark left\">\n\t<div style=\"\" class=\"vc_col-sm-12 wpb_column column_container vc_column_container col no-extra-padding inherit_tablet inherit_phone\" data-using-bg=\"true\" data-padding-pos=\"all\" data-has-bg-color=\"false\" data-bg-color=\"\" data-bg-opacity=\"1\" data-animation=\"\" data-delay=\"0\" >\n\t\t<div class=\"vc_column-inner\" ><div class=\"column-image-bg-wrap column-bg-layer viewport-desktop\" data-bg-pos=\"center center\" data-bg-animation=\"none\" data-bg-overlay=\"false\"><div class=\"inner-wrap\"><div class=\"column-image-bg\" style=\" background-image: url('https:\/\/serra-grimalt.com\/wp-content\/uploads\/2024\/04\/SERRA-GRIMALT-ARQUITECTES-6-3.jpg'); \"><\/div><\/div><\/div>\n\t\t\t<div class=\"wpb_wrapper\">\n\t\t\t\t<div id=\"fws_69e4700bb9096\" data-midnight=\"\" data-column-margin=\"40px\" class=\"wpb_row vc_row-fluid vc_row inner_row vc_row-o-content-middle\"  style=\"\"><div class=\"row-bg-wrap\"> <div class=\"row-bg\" ><\/div> <\/div><div class=\"row_col_wrap_12_inner col span_12  left\">\n\t<div  class=\"vc_col-sm-2 wpb_column column_container vc_column_container col child_column no-extra-padding inherit_tablet inherit_phone\"   data-padding-pos=\"all\" data-has-bg-color=\"false\" data-bg-color=\"\" data-bg-opacity=\"1\" data-animation=\"\" data-delay=\"0\" >\n\t\t<div class=\"vc_column-inner\" >\n\t\t<div class=\"wpb_wrapper\">\n\t\t\t\n\t\t<\/div> \n\t<\/div>\n\t<\/div> \n\n\t<div  class=\"vc_col-sm-8 wpb_column column_container vc_column_container col child_column padding-10-percent inherit_tablet inherit_phone\"   data-padding-pos=\"all\" data-has-bg-color=\"false\" data-bg-color=\"\" data-bg-opacity=\"1\" data-animation=\"\" data-delay=\"0\" >\n\t\t<div class=\"vc_column-inner\" >\n\t\t<div class=\"wpb_wrapper\">\n\t\t\t\n<div class=\"wpb_text_column wpb_content_element  vc_custom_1716277973444\" >\n\t<div class=\"wpb_wrapper\">\n\t\t<div class=\"x1hq5gj4\">\n<div class=\"x13faqbe x78zum5 xdt5ytf\">\n<div>\n<div class=\"x9f619 x1n2onr6 x1ja2u2z x78zum5 x1nhvcw1 x1qjc9v5 xozqiw3 x1q0g3np xexx8yu xykv574 xbmpl8g x4cne27 xifccgj xs83m0k\">\n<div class=\"x9f619 x1n2onr6 x1ja2u2z x78zum5 xdt5ytf x2lah0s x193iq5w xeuugli xqcrz7y xsyo7zv x16hj40l x10b6aqq x1yrsyyn\">\n<p><span style=\"color: #ffffff;\">En aquests anys l'estudi s'ha consolidat per oferir al client un millor servei global i seguiment durant l'obra. Hem format un grup de professionals dedicats a la construcci\u00f3, per disposar d'un equip compacte i resolutiu en totes les facetes de l'obra, i aix\u00ed poder tirar endavant qualsevol repte que se'ns ofereixi, sempre amb la il\u00b7lusi\u00f3 de poder emocionar des de l'arquitectura\u2026 ..<\/span><\/p>\n<p><span style=\"color: #ffffff;\">Creiem en l'arquitectura que t'emociona, que et sorpr\u00e8n, en la seva espiritualitat\u2026amb el misteri dels espais i volums ben il\u00b7luminats i acabats al detall, amb l'arquitectura vernacla ben entesa i els materials aut\u00f2ctons adaptats a les noves formes de viure. En la integraci\u00f3 de l'arquitectura amb l'entorn, i en el saber estar\u2026 a cada projecte.<\/span><\/p>\n<p>&nbsp;<\/p>\n<p><span style=\"color: #ffffff;\"><strong>CARLES SERRA, Arquitecte.<\/strong><\/span><\/p>\n<p><span style=\"color: #ffffff;\">ETSAV (Escola T\u00e8cnica d\u2019Arquitectura del Vall\u00e9s) 01\/1998<\/span><\/p>\n<p><span style=\"color: #ffffff;\"><em>DISTINCIONS<\/em><\/span><\/p>\n<ul>\n<li><span style=\"color: #ffffff;\">1er premi concurs Pladur ETSAV 1994<\/span><\/li>\n<li><span style=\"color: #ffffff;\">Acc\u00e8ssit 4t premi nacional (Solucions constructives Pladur) 1994<\/span><\/li>\n<li><span style=\"color: #ffffff;\">Arquitecte superior a l'ETSAV del Vall\u00e8s, Barcelona, \u200b\u200bgener 1998.<\/span><\/li>\n<li><span style=\"color: #ffffff;\">Premi TAU ( Taula d\u00b4arquitectura i Urbanisme ) d\u00b4habitatge unifamiliar a\u00efllat a Crestatx, Sa Pobla. 2000<\/span><\/li>\n<li><span style=\"color: #ffffff;\">Menci\u00f3 de premis d'Arquitectura de Menorca d'Habitatge a Cala Morell 2002\/03\/04.<\/span><\/li>\n<li><span style=\"color: #ffffff;\">Finalista dels Premis d'Arquitectura de Mallorca a l'apartat d'obra p\u00fablica, de l'edifici del Club N\u00e0utic de la Col\u00f2nia de Sant Pere \u2013Mallorca, 2004.<\/span><\/li>\n<li><span style=\"color: #ffffff;\">Finalista dels Premis d'Arquitectura de Mallorca a l'apartat d'obra p\u00fablica, de magatzem per a pescadors del port Col\u00f2nia de Sant Pere \u2013Mallorca, 2010.<\/span><\/li>\n<li><span style=\"color: #ffffff;\">Finalista dels Premis d'Arquitectura de Mallorca a l'apartat de rehabilitaci\u00f3 d'edificis existents a Art\u00e0 2011, amb l'edifici municipal de Can Solivelles<\/span><\/li>\n<\/ul>\n<\/div>\n<p>&nbsp;<\/p>\n<div class=\"x9f619 x1n2onr6 x1ja2u2z x78zum5 xdt5ytf x193iq5w xeuugli x1r8uery x1iyjqo2 xs83m0k xamitd3 xsyo7zv x16hj40l x10b6aqq x1yrsyyn\">\n<div class=\"\"><\/div>\n<\/div>\n<\/div>\n<\/div>\n<\/div>\n<\/div>\n<div class=\"xat24cr\">\n<div class=\"x13faqbe x78zum5 xdt5ytf\">\n<div class=\"x9f619 x1n2onr6 x1ja2u2z x78zum5 x1r8uery x1iyjqo2 xs83m0k xeuugli x1nhvcw1 x1qjc9v5 xozqiw3 x1q0g3np xexx8yu xykv574 xbmpl8g x4cne27 xifccgj\">\n<div class=\"x9f619 x1n2onr6 x1ja2u2z x78zum5 xdt5ytf x2lah0s x193iq5w xeuugli xsyo7zv x16hj40l x10b6aqq x1yrsyyn\"><\/div>\n<\/div>\n<\/div>\n<\/div>\n\t<\/div>\n<\/div>\n\n\n\n<div class=\"divider-wrap\" data-alignment=\"default\"><div style=\"height: 50px;\" class=\"divider\"><\/div><\/div>\n\t\t<\/div> \n\t<\/div>\n\t<\/div> \n\n\t<div  class=\"vc_col-sm-2 wpb_column column_container vc_column_container col child_column no-extra-padding inherit_tablet inherit_phone\"   data-padding-pos=\"all\" data-has-bg-color=\"false\" data-bg-color=\"\" data-bg-opacity=\"1\" data-animation=\"\" data-delay=\"0\" >\n\t\t<div class=\"vc_column-inner\" >\n\t\t<div class=\"wpb_wrapper\">\n\t\t\t\n\t\t<\/div> \n\t<\/div>\n\t<\/div> \n<\/div><\/div>\n\t\t\t<\/div> \n\t\t<\/div>\n\t<\/div> \n<\/div><\/div>","protected":false},"excerpt":{"rendered":"En estos\u00a0 a\u00f1os el estudio se ha ido consolidando para ofrecer al cliente un mejor servicio global y seguimiento durante la obra. Hemos formado un grupo de profesionales dedicados a...","protected":false},"author":1,"featured_media":0,"parent":0,"menu_order":0,"comment_status":"open","ping_status":"closed","template":"","meta":{"footnotes":""},"class_list":["post-2347","page","type-page","status-publish"],"_links":{"self":[{"href":"https:\/\/serra-grimalt.com\/cat\/wp-json\/wp\/v2\/pages\/2347","targetHints":{"allow":["GET"]}}],"collection":[{"href":"https:\/\/serra-grimalt.com\/cat\/wp-json\/wp\/v2\/pages"}],"about":[{"href":"https:\/\/serra-grimalt.com\/cat\/wp-json\/wp\/v2\/types\/page"}],"author":[{"embeddable":true,"href":"https:\/\/serra-grimalt.com\/cat\/wp-json\/wp\/v2\/users\/1"}],"replies":[{"embeddable":true,"href":"https:\/\/serra-grimalt.com\/cat\/wp-json\/wp\/v2\/comments?post=2347"}],"version-history":[{"count":13,"href":"https:\/\/serra-grimalt.com\/cat\/wp-json\/wp\/v2\/pages\/2347\/revisions"}],"predecessor-version":[{"id":2512,"href":"https:\/\/serra-grimalt.com\/cat\/wp-json\/wp\/v2\/pages\/2347\/revisions\/2512"}],"wp:attachment":[{"href":"https:\/\/serra-grimalt.com\/cat\/wp-json\/wp\/v2\/media?parent=2347"}],"curies":[{"name":"wp","href":"https:\/\/api.w.org\/{rel}","templated":true}]}}